{"id":187,"date":"2026-03-27T16:22:50","date_gmt":"2026-03-27T16:22:50","guid":{"rendered":"http:\/\/www.ruposhikotiruoka.fi\/?post_type=product&#038;p=187"},"modified":"2026-03-27T16:22:50","modified_gmt":"2026-03-27T16:22:50","slug":"4-kpl-kana-biriani-ateria","status":"publish","type":"product","link":"http:\/\/www.ruposhikotiruoka.fi\/index.php\/product\/4-kpl-kana-biriani-ateria\/","title":{"rendered":"4 KPL Kana Biriani Ateria"},"content":{"rendered":"<p><span style=\"font-weight: 400;\">4 kpl Kana Biriani Ateria tarjoaa herkullisen ja t\u00e4ytt\u00e4v\u00e4n aterian, joka koostuu herkullisesta kanasta ja mausteisesta biriani riisist\u00e4. N\u00e4m\u00e4 nelj\u00e4 annosta tarjoavat t\u00e4ydellisen vaihtoehdon ruokailuun yst\u00e4vien tai perheen kanssa.<\/span><\/p>\n","protected":false},"excerpt":{"rendered":"<p>4 kpl Kana Biriani Ateria tarjoaa herkullisen ja t\u00e4ytt\u00e4v\u00e4n aterian, joka koostuu herkullisesta kanasta ja mausteisesta biriani riisist\u00e4. N\u00e4m\u00e4 nelj\u00e4 annosta tarjoavat t\u00e4ydellisen vaihtoehdon ruokailuun yst\u00e4vien tai perheen kanssa.<\/p>\n","protected":false},"featured_media":166,"comment_status":"open","ping_status":"closed","template":"","meta":[],"product_brand":[],"product_cat":[94],"product_tag":[100,28,29],"class_list":{"0":"post-187","1":"product","2":"type-product","3":"status-publish","4":"has-post-thumbnail","6":"product_cat-combo","7":"product_tag-biriani","8":"product_tag-chicken","9":"product_tag-kana","11":"first","12":"instock","13":"shipping-taxable","14":"purchasable","15":"product-type-simple"},"jetpack_sharing_enabled":true,"_links":{"self":[{"href":"http:\/\/www.ruposhikotiruoka.fi\/index.php\/wp-json\/wp\/v2\/product\/187","targetHints":{"allow":["GET"]}}],"collection":[{"href":"http:\/\/www.ruposhikotiruoka.fi\/index.php\/wp-json\/wp\/v2\/product"}],"about":[{"href":"http:\/\/www.ruposhikotiruoka.fi\/index.php\/wp-json\/wp\/v2\/types\/product"}],"replies":[{"embeddable":true,"href":"http:\/\/www.ruposhikotiruoka.fi\/index.php\/wp-json\/wp\/v2\/comments?post=187"}],"wp:featuredmedia":[{"embeddable":true,"href":"http:\/\/www.ruposhikotiruoka.fi\/index.php\/wp-json\/wp\/v2\/media\/166"}],"wp:attachment":[{"href":"http:\/\/www.ruposhikotiruoka.fi\/index.php\/wp-json\/wp\/v2\/media?parent=187"}],"wp:term":[{"taxonomy":"product_brand","embeddable":true,"href":"http:\/\/www.ruposhikotiruoka.fi\/index.php\/wp-json\/wp\/v2\/product_brand?post=187"},{"taxonomy":"product_cat","embeddable":true,"href":"http:\/\/www.ruposhikotiruoka.fi\/index.php\/wp-json\/wp\/v2\/product_cat?post=187"},{"taxonomy":"product_tag","embeddable":true,"href":"http:\/\/www.ruposhikotiruoka.fi\/index.php\/wp-json\/wp\/v2\/product_tag?post=187"}],"curies":[{"name":"wp","href":"https:\/\/api.w.org\/{rel}","templated":true}]}}